3 - m**2 + m + 1. Determine b(c).
-13
Let v be -20*(0 + (-4)/16). Let t(f) be the second derivative of -5*f**3/6 + 2*f**2 - 21*f. Determine t(v).
-21
Let v(n) = -4 - n - n - 20 + n**2 + 23 + 4. Suppose 6 = a + 3. What is v(a)?
6
Let f(k) be the first derivative of k**3/3 - k**2/2 + 2*k - 1. Let m(u) = 6*u**2 + 73*u + 16. Let o be m(-12). What is f(o)?
14
Let t(q) be the first derivative of -q**3/3 - 7*q**2/2 + 8*q - 10. Let u(p) = 5*p**3 - 2*p**2 + 1. Let w be u(-1). Give t(w).
14
Let z(n) = 6*n - 3*n + 5*n**2 - 6 - n**2 + 0*n**2 + n**3. Let h(a) = a**3 + 4*a**2 + 3*a - 7. Let j(v) = -6*h(v) + 7*z(v). Determine j(-3).
0
Suppose 4*d = 5 + 15. Suppose -d*m - 20 = -3*c - 0*m, 5*c - 20 = -5*m. Let o(v) = c*v**2 + 78*v - 2 - 80*v + 3. Give o(1).
4
Let k(m) = m**2 - 5*m - 4. Let i be k(6). Let t(z) = -4*z - 3*z**i - 4 + 0*z - 6*z. Let d(x) = x**2 + 3*x + 1. Let f(a) = -8*d(a) - 3*t(a). Give f(-5).
-1
Let i be 2 + 1 + -1 - 0. Let h(s) be the second derivative of 0*s**2 + 0 - 9*s + 1/4*s**4 - 1/3*s**3. Give h(i).
8
Suppose x - 1 = -i, 0 = -2*x - 0*x - i + 3. Let j(k) = 5 - 3*k**2 - x + 2 - 4 + k. Let a = 4 + -5. Calculate j(a).
-3
Let v(t) = -9*t**2 - 4*t + 5. Let f(a) = 19*a**2 + 9*a - 11. Let c(g) = 4*f(g) + 9*v(g). Let q(u) = -u + 2. Let h be 22/55*5/2. Let p be q(h). Determine c(p).
-4
Suppose 2*v + 35 = 3*g + 27, 4*v = 3*g - 4. Let n(j) be the third derivative of 1/4*j**4 - 5/6*j**3 + 0 + 1/60*j**5 + 0*j - 10*j**v. Give n(-6).
-5
Let a(w) = w**3 + 4*w**2 + 3*w + 15. Let x be (-4)/18 - (-5 + (-440)/(-45)). Calculate a(x).
-25
Let q(s) = 3*s**2 + s. Let y = 6 + -15. Let c(l) = l**3 + 9*l**2 - l - 8. Let v be c(y). Give q(v).
4
Let w be 5400/(-700) + (-2)/7. Let x(k) = -k**2 - 7*k + 4. Give x(w).
-4
Let i(x) = x**2 - 3*x - 1. Let g(l) = -4*l - 1. Let u be g(-4). Let b(o) = -o**3 + 12*o**2 - 32*o + 2. Let s be b(5). Let p = u - s. Determine i(p).
9
Suppose 0 = k - 12 + 2. Let n be 14/35 + 6/k. Let g(w) = 6*w**2 - n + 38*w + 2 - 37*w. Calculate g(-1).
6
Let n = -205 + 203. Let h(x) = 8*x - 5. Determine h(n).
-21
Let i(k) = 10*k + 193. Let h be i(-19). Let c(j) = j**2 - j - 1. Let q be c(-2). Let z(t) = -3*t**3 - t**3 + 2 - 2*t**2 - 5*t + q*t**3. Give z(h).
-4
Let n(w) = -5*w**2 - 10*w + 4*w**2 - 4*w + 18*w - 4. What is n(3)?
-1
Let n(y) be the first derivative of y**4/4 + 4*y**3/3 - 4*y + 2. Let w(p) = 6*p + 2 - 6*p - 2*p. Let z be w(3). What is n(z)?
-4
Let a(k) = -9*k**3 + 9*k**2 + 6*k - 2. Let y(z) = 23*z**3 - 19*z**2 - 11*z + 4. Let i(o) = 5*a(o) + 2*y(o). Calculate i(-6).
-14
Let d = 345 - 340. Let u(w) be the second derivative of 6*w + 1/2*w**4 - 2*w**2 + 1/20*w**d + w**3 + 0. What is u(-5)?
-9
Suppose -88*d = -101*d + 39. Let y(k) = 10*k - 3. Give y(d).
27
Let i(s) = 5*s**3 - s**2 - 6*s - 7. Let m(q) = -4*q**3 + q**2 + 5*q + 8. Let v(r) = 5*i(r) + 6*m(r). Let l be (-2)/(-4)*(2 - -4) + -3. Give v(l).
13
Let v = 260 + -262. Let l(a) = a**3 + 5*a**2 + 3*a + 1. Give l(v).
7
Let c(i) = -i - 4. Let p = -84 - -59. Let s = 25 + p. What is c(s)?
-4
Let j(i) = 0*i - i + 144 - 146. Let n be j(3). Let o(l) = 4*l**2 + 2*l + 3. Let x(g) = -11*g**2 - 7*g - 8. Let p(v) = 8*o(v) + 3*x(v). What is p(n)?
0
Let m(h) = -6 - 6 + 4*h - 5*h. Determine m(-11).
-1
Suppose g + 7 = -i, -2*g - 5*i = 3 + 17. Let r(y) = 10*y. What is r(g)?
-50
Suppose 5*i + f + 2 = 5*f, -3*i - 9 = -5*f. Let n be (-23 - 1)*3/(-3). Suppose -i*r = -5*a + 27, -4*a + r = -0*r - n. Let h(d) = d**2 - 7*d + 1. Determine h(a).
1
Let s be (-8 - -4 - -2)/(-1 + 0). Let y(v) = -22*v - 40. Let c(u) = -5*u - 10. Let a(o) = s*y(o) - 9*c(o). Calculate a(-14).
-4
Let v(w) = w**3 - 4*w**2 + 3*w + 1. Let t(c) = -c**3 - 18*c**2 - 18*c - 16. Let o be t(-17). Let s be 6/4*o*52/26. What is v(s)?
1
Let m(r) = -r**3 - 5*r**2 - 12*r - 13. Let g(v) = -v**3 - 4*v**2 - 13*v - 15. Let y(o) = 4*g(o) - 5*m(o). Give y(-8).
5
Let s(b) = -3*b**2 - 3*b + 4. Let p(r) = r**2 + 1. Let a(w) = -2*p(w) - s(w). Calculate a(-4).
-2
Suppose 3*w + x + 2 = 2*w, -5*w = 3*x + 6. Let y(a) = -a**3 + 6. Calculate y(w).
6
Let w(o) = o**2 + 6*o - 2. Let j(t) = t. Let k be j(-6). Let c = k - 9. Let z be c/2*2/3. Calculate w(z).
-7
Let m(u) = -u**2 - 9*u - 7. Let r(a) = -a**3 + 10*a**2 - 21*a - 26. Let f be r(5). Determine m(f).
11
Suppose 4*j - 5*d = -3, -7 = -5*j - d + 11. Let u(c) = c**2 + 6*c - c - 7*c**2 + 7*c**2 - j. What is u(-5)?
-3
Let l be (-12)/((-12)/(-16)*-2). Suppose -2*n + l*n = 42. Let g = n - 15. Let q(f) = f + 10. Give q(g).
2
Let u(n) be the third derivative of n**6/120 + n**5/15 - n**4/4 + 5*n**3/6 - 355*n**2. Give u(-5).
10
Let m(z) be the first derivative of z**5/60 - z**4/12 - z**3/3 - 9*z**2/2 + 31. Let a(t) be the second derivative of m(t). Calculate a(6).
22
Let a(r) = 3*r**2 - 2*r. Let l(o) = 5*o**2 - 6*o + 14. Let u(z) = 11*z**2 - 11*z + 28. Let v(n) = -9*l(n) + 4*u(n). Let m be v(8). Give a(m).
8
Let p = 17 - 8. Let x(c) = -c - 1. Let m(z) = -z**2 + 5*z + 3. Let q(j) = m(j) - 4*x(j). Give q(p).
7
Let u(r) = -5*r**2 + 7*r + 7. Let b(m) be the first derivative of m**3/3 - 4. Let i(s) = -6*b(s) - u(s). Give i(-6).
-1
Let l = 70 - 75. Let a(x) = x**2 + x - 3. Determine a(l).
17
Let n(x) = -x**2 + 17 + 21 - 52 + 5 - 9*x - 10*x. Give n(-19).
-9
Let o = -42 + 44. Let x(j) be the second derivative of j**5/30 - j**4/8 + j**3/3 + j**2/2 + 4*j. Let f(k) be the first derivative of x(k). Give f(o).
4
Let b(l) = l**3 - l**2 + 2*l - 1. Suppose f + 13 = 15. Suppose 7 = q + 2*i - 2, f*i - 10 = -2*q. Give b(q).
1
Let k(d) = 39 + 6435*d + 6437*d - 12876*d. Calculate k(12).
-9
Let d(o) = -6 - 2*o + 12 + 4. Let h be d(5). Let v(n) = n**3 + n**2 + n + 1. Give v(h).
1
Let v(h) = 2*h - 6*h + 7 - 2*h - h**2. Let r(q) = 4*q - 8. Let i be r(10). Suppose -5*c - 2*a - i = 0, 5*c - 5*a = -19 - 6. Calculate v(c).
7
Let p(m) be the third derivative of m**5/60 - 5*m**4/24 - 5*m**3/6 + 2*m**2. Let g(s) = -2 + 4*s - s - 4*s. Let q be g(-6). Calculate p(q).
-9
Let f(v) = 40*v. Suppose 4*k - 2*k - 1 = 3*t, 0 = 2*t - k. Determine f(t).
40
Let c(m) = -44*m**2 - 5 - 6*m - 32*m**2 + 77*m**2. Let v be (-2)/13 + 465/65. Give c(v).
2
Let n(f) = -f + 18. Suppose -10*v + 39 = -151. Give n(v).
-1
Suppose 2*c - 3*a + 2*a = 21, -a = -3. Let q(x) = -5*x**3 - 5*x - 7 + c*x + 6*x**3 - 8*x**2. Calculate q(7).
-7
Suppose 0 = 2*q + q. Let j(l) = 6*l**3 + 6*l**2 - 4*l + 2. Let g(d) = 5*d**3 + 5*d**2 - 3*d + 2. Let o(h) = 5*g(h) - 4*j(h). Calculate o(q).
2
Let y(m) = -1. Let u(k) = -3*k - 17. Let q(s) = -u(s) + 6*y(s). Determine q(8).
35
Suppose 6*f = 2*f - 8. Let u(b) = 14*b**2 - 17*b - 14. Let y(c) = -5*c**2 + 6*c + 5. Let j(l) = 6*u(l) + 17*y(l). What is j(f)?
-3
Let p = 27 - 25. Let h(j) = -23*j - 2*j**2 + 19*j - 1 + 4*j**p. Give h(3).
5
Let b(v) = 7*v**2 - 11*v - 12. Let o(z) = -8*z**2 + 12*z + 13. Let y = -84 + 77. Let t(j) = y*b(j) - 6*o(j). What is t(5)?
6
Let t(v) = 3*v - 16. Let h be t(15). Let r = -24 + h. Suppose 2*o - r*b = -0*o + 35, -2*o + 20 = -2*b. Let w(x) = x**3 - 6*x**2 + 4*x - 2. Calculate w(o).
-7
Let a(s) = -4*s + 3*s + 0*s + 4*s - 25. Calculate a(9).
2
Suppose 2*d = 2*s + 16 + 10, -s = d + 5. Let l(t) = -t**3 - 11*t**2 - 9*t + 12. Calculate l(s).
-69
Let k(d) = 2*d - 9. Let z(n) = -4*n + 18. Suppose 6*w - 24 = 18. Let t(l) = w*k(l) + 4*z(l). What is t(6)?
-3
Let b(l) = -9*l**2 + 125*l**3 - 124*l**3 - 52 + 10*l + 50. Determine b(8).
14
Let n(r) = 5*r**3 - 3*r**2 + r + 3. Let c be n(2). Let f be 3/2*(-8)/(-6). Let o(x) = c*x - 32*x - x**2 + 0*x**f + 2 - 1. Determine o(-1).
-1
Suppose -4*f + 2*c = -22, 5*f - 3*c - 24 - 6 = 0. Let u(q) = q**2 - 4*q + 6. Give u(f).
3
Let y(r) = -r**2 + r - 1. Let d(c) = -7*c**2 + 9*c - 7. Let n(a) = -d(a) + 6*y(a). Let t = -168 - -171. Determine n(t).
1
Let j(t) = -23*t**3 - 15*t**2 + 17*t**2 + 17*t**3 - t. Give j(1).
-5
Let r(l) be the third derivative of 0 + 1/12*l**4 + 1/30*l**5 + 1/120*l**6 - 1/3*l**3 + 0*l - 2*l**2. Suppose 56*u - 66*u = 20. Determine r(u).
-6
Let j = 3 - 1. Let i(u) = -u - 1 - u**j + 31*u**3 - 17*u**3 - 7*u**3. Determine i(-1).
-8
Let n(f) = 14*f**2 - 1 + f - 6*f**2 - 7*f**2. Let g(h) = 2*h**2 + 6*h - 2. Let z(x) = -g(x) + n(x). What is z(-4)?
5
Let v(n) = 5*n - 23. Let x(d) = -5*d + 28. Let q(f) = -6*v(f) - 5*x(f). Give q(3).
-17
Let l be 2 + 6/(-9)*-36. Let u(a) = 4*a - 57 + 31 + l. Determine 